{"id":1544,"date":"2019-04-11T08:27:20","date_gmt":"2019-04-11T08:27:20","guid":{"rendered":"http:\/\/zentrum4.cyon.link\/wp-content\/uploads\/2018\/03\/platzhalter.png"},"modified":"2022-02-15T19:57:04","modified_gmt":"2022-02-15T19:57:04","slug":"platzhalter-2","status":"inherit","type":"attachment","link":"https:\/\/zentrum-garage.ch\/fr\/platzhalter-2\/","title":{"rendered":"platzhalter"},"author":1,"comment_status":"closed","ping_status":"closed","template":"","meta":{"inline_featured_image":false},"aioseo_notices":[],"description":{"rendered":"<p class=\"attachment\"><a href='https:\/\/zentrum-garage.ch\/wp-content\/uploads\/2018\/03\/platzhalter.png'><img loading=\"lazy\" decoding=\"async\" width=\"300\" height=\"300\" src=\"https:\/\/zentrum-garage.ch\/wp-content\/uploads\/2018\/03\/platzhalter-300x300.png\" class=\"attachment-medium size-medium\" alt=\"Platzhalter Mitarbeit\" srcset=\"https:\/\/zentrum-garage.ch\/wp-content\/uploads\/2018\/03\/platzhalter-300x300.png 300w, https:\/\/zentrum-garage.ch\/wp-content\/uploads\/2018\/03\/platzhalter-150x150.png 150w, https:\/\/zentrum-garage.ch\/wp-content\/uploads\/2018\/03\/platzhalter-768x768.png 768w, https:\/\/zentrum-garage.ch\/wp-content\/uploads\/2018\/03\/platzhalter-100x100.png 100w, https:\/\/zentrum-garage.ch\/wp-content\/uploads\/2018\/03\/platzhalter.png 1000w\" sizes=\"(max-width: 300px) 100vw, 300px\" \/><\/a><\/p>\n"},"caption":{"rendered":"<p>Caract\u00e8re g\u00e9n\u00e9rique employ\u00e9.<\/p>\n"},"alt_text":"Platzhalter Mitarbeit","media_type":"image","mime_type":"image\/png","media_details":{"width":1000,"height":1000,"file":"2018\/03\/platzhalter.png","sizes":{"thumbnail":{"file":"platzhalter-150x150.png","width":150,"height":150,"mime_type":"image\/png","source_url":"https:\/\/zentrum-garage.ch\/wp-content\/uploads\/2018\/03\/platzhalter-150x150.png"},"medium":{"file":"platzhalter-300x300.png","width":300,"height":300,"mime_type":"image\/png","source_url":"https:\/\/zentrum-garage.ch\/wp-content\/uploads\/2018\/03\/platzhalter-300x300.png"},"medium_large":{"file":"platzhalter-768x768.png","width":768,"height":768,"mime_type":"image\/png","source_url":"https:\/\/zentrum-garage.ch\/wp-content\/uploads\/2018\/03\/platzhalter-768x768.png"},"twentyseventeen-thumbnail-avatar":{"file":"platzhalter-100x100.png","width":100,"height":100,"mime_type":"image\/png","source_url":"https:\/\/zentrum-garage.ch\/wp-content\/uploads\/2018\/03\/platzhalter-100x100.png"},"full":{"file":"platzhalter.png","width":1000,"height":1000,"mime_type":"image\/png","source_url":"https:\/\/zentrum-garage.ch\/wp-content\/uploads\/2018\/03\/platzhalter.png"}},"image_meta":{"aperture":"0","credit":"","camera":"","caption":"","created_timestamp":"0","copyright":"","focal_length":"0","iso":"0","shutter_speed":"0","title":"","orientation":"0","keywords":[]}},"post":null,"source_url":"https:\/\/zentrum-garage.ch\/wp-content\/uploads\/2018\/03\/platzhalter.png","_links":{"self":[{"href":"https:\/\/zentrum-garage.ch\/fr\/wp-json\/wp\/v2\/media\/1544"}],"collection":[{"href":"https:\/\/zentrum-garage.ch\/fr\/wp-json\/wp\/v2\/media"}],"about":[{"href":"https:\/\/zentrum-garage.ch\/fr\/wp-json\/wp\/v2\/types\/attachment"}],"author":[{"embeddable":true,"href":"https:\/\/zentrum-garage.ch\/fr\/wp-json\/wp\/v2\/users\/1"}],"replies":[{"embeddable":true,"href":"https:\/\/zentrum-garage.ch\/fr\/wp-json\/wp\/v2\/comments?post=1544"}]}}

<p>Caractère générique employé.</p>
