{"id":1837,"date":"2019-07-22T08:29:40","date_gmt":"2019-07-22T08:29:40","guid":{"rendered":"http:\/\/zentrum-garage.ch\/wp-content\/uploads\/2019\/07\/Conditions-g\u00e9n\u00e9rales-atelier_2019.pdf"},"modified":"2021-03-03T10:58:14","modified_gmt":"2021-03-03T10:58:14","slug":"conditions-generales-atelier_2019-2","status":"inherit","type":"attachment","link":"https:\/\/zentrum-garage.ch\/fr\/conditions-generales-atelier_2019-2\/","title":{"rendered":"Conditions g\u00e9n\u00e9rales atelier_2019"},"author":1,"comment_status":"closed","ping_status":"closed","template":"","meta":{"inline_featured_image":false},"aioseo_notices":[],"description":{"rendered":"<p class=\"attachment\"><a href='https:\/\/zentrum-garage.ch\/wp-content\/uploads\/2019\/07\/Conditions-g\u00e9n\u00e9rales-atelier_2019.pdf'><img loading=\"lazy\" decoding=\"async\" width=\"212\" height=\"300\" src=\"https:\/\/zentrum-garage.ch\/wp-content\/uploads\/2019\/07\/Conditions-g\u00e9n\u00e9rales-atelier_2019-pdf-212x300.jpg\" class=\"attachment-medium size-medium\" alt=\"D\u00e9g\u00e2ts caus\u00e9s par les martres photographiques\" \/><\/a><\/p>\n"},"caption":{"rendered":"<p>Conditions g\u00e9n\u00e9rales de l&rsquo;atelier en version fran\u00e7aise.<\/p>\n"},"alt_text":"D\u00e9g\u00e2ts caus\u00e9s par les martres photographiques","media_type":"file","mime_type":"application\/pdf","media_details":{"sizes":{"thumbnail":{"file":"Conditions-g\u00e9n\u00e9rales-atelier_2019-pdf-106x150.jpg","width":106,"height":150,"mime_type":"image\/jpeg","source_url":"https:\/\/zentrum-garage.ch\/wp-content\/uploads\/2019\/07\/Conditions-g\u00e9n\u00e9rales-atelier_2019-pdf-106x150.jpg"},"medium":{"file":"Conditions-g\u00e9n\u00e9rales-atelier_2019-pdf-212x300.jpg","width":212,"height":300,"mime_type":"image\/jpeg","source_url":"https:\/\/zentrum-garage.ch\/wp-content\/uploads\/2019\/07\/Conditions-g\u00e9n\u00e9rales-atelier_2019-pdf-212x300.jpg"},"large":{"file":"Conditions-g\u00e9n\u00e9rales-atelier_2019-pdf-724x1024.jpg","width":724,"height":1024,"mime_type":"image\/jpeg","source_url":"https:\/\/zentrum-garage.ch\/wp-content\/uploads\/2019\/07\/Conditions-g\u00e9n\u00e9rales-atelier_2019-pdf-724x1024.jpg"},"full":{"file":"Conditions-g\u00e9n\u00e9rales-atelier_2019-pdf.jpg","width":1058,"height":1497,"mime_type":"application\/pdf","source_url":"https:\/\/zentrum-garage.ch\/wp-content\/uploads\/2019\/07\/Conditions-g\u00e9n\u00e9rales-atelier_2019-pdf.jpg"}}},"post":null,"source_url":"https:\/\/zentrum-garage.ch\/wp-content\/uploads\/2019\/07\/Conditions-g\u00e9n\u00e9rales-atelier_2019.pdf","_links":{"self":[{"href":"https:\/\/zentrum-garage.ch\/fr\/wp-json\/wp\/v2\/media\/1837"}],"collection":[{"href":"https:\/\/zentrum-garage.ch\/fr\/wp-json\/wp\/v2\/media"}],"about":[{"href":"https:\/\/zentrum-garage.ch\/fr\/wp-json\/wp\/v2\/types\/attachment"}],"author":[{"embeddable":true,"href":"https:\/\/zentrum-garage.ch\/fr\/wp-json\/wp\/v2\/users\/1"}],"replies":[{"embeddable":true,"href":"https:\/\/zentrum-garage.ch\/fr\/wp-json\/wp\/v2\/comments?post=1837"}]}}

http://zentrum-garage.ch/wp-content/uploads/2019/07/Conditions-générales-atelier_2019.pdf

Conditions générales atelier_2019

<p class="attachment"><a href='https://zentrum-garage.ch/wp-content/uploads/2019/07/Conditions-générales-atelier_2019.pdf'><img loading="lazy" decoding="async" width="212" height="300" src="https://zentrum-garage.ch/wp-content/uploads/2019/07/Conditions-générales-atelier_2019-pdf-212x300.jpg" class="attachment-medium size-medium" alt="Dégâts causés par les martres photographiques" /></a></p>

<p>Conditions générales de l&rsquo;atelier en version française.</p>

Dégâts causés par les martres photographiques

Conditions-générales-atelier_2019-pdf-106x150.jpg

https://zentrum-garage.ch/wp-content/uploads/2019/07/Conditions-générales-atelier_2019-pdf-106x150.jpg

Conditions-générales-atelier_2019-pdf-212x300.jpg

https://zentrum-garage.ch/wp-content/uploads/2019/07/Conditions-générales-atelier_2019-pdf-212x300.jpg

Conditions-générales-atelier_2019-pdf-724x1024.jpg

https://zentrum-garage.ch/wp-content/uploads/2019/07/Conditions-générales-atelier_2019-pdf-724x1024.jpg

Conditions-générales-atelier_2019-pdf.jpg

https://zentrum-garage.ch/wp-content/uploads/2019/07/Conditions-générales-atelier_2019-pdf.jpg

https://zentrum-garage.ch/wp-content/uploads/2019/07/Conditions-générales-atelier_2019.pdf
