{"id":32717,"date":"2020-03-19T08:04:36","date_gmt":"2020-03-19T08:04:36","guid":{"rendered":"http:\/\/zentrum-garage.ch\/wp-content\/uploads\/2020\/03\/Vakant-KundendienstberaterV_202003-F.pdf"},"modified":"2021-03-03T10:53:13","modified_gmt":"2021-03-03T10:53:13","slug":"vakant-kundendienstberaterv_202003-f-2","status":"inherit","type":"attachment","link":"https:\/\/zentrum-garage.ch\/fr\/vakant-kundendienstberaterv_202003-f-2\/","title":{"rendered":"Conseiller au service client\u00e8le vacantV_202003 F"},"author":1,"comment_status":"closed","ping_status":"closed","template":"","meta":{"inline_featured_image":false},"aioseo_notices":[],"description":{"rendered":"<p class=\"attachment\"><a href='https:\/\/zentrum-garage.ch\/wp-content\/uploads\/2020\/03\/Vakant-KundendienstberaterV_202003-F.pdf'><img loading=\"lazy\" decoding=\"async\" width=\"212\" height=\"300\" src=\"https:\/\/zentrum-garage.ch\/wp-content\/uploads\/2020\/03\/Vakant-KundendienstberaterV_202003-F-pdf-212x300.jpg\" class=\"attachment-medium size-medium\" alt=\"Toni Andrade\" \/><\/a><\/p>\n"},"caption":{"rendered":"<p>Offre d&#8217;emploi de conseiller au service client\u00e8le du Zentrum-Garage D\u00fcdingen. Version linguistique fran\u00e7aise.<\/p>\n"},"alt_text":"Toni Andrade","media_type":"file","mime_type":"application\/pdf","media_details":{"sizes":{"full":{"file":"Vakant-KundendienstberaterV_202003-F-pdf.jpg","width":1058,"height":1497,"mime_type":"application\/pdf","source_url":"https:\/\/zentrum-garage.ch\/wp-content\/uploads\/2020\/03\/Vakant-KundendienstberaterV_202003-F-pdf.jpg"},"medium":{"file":"Vakant-KundendienstberaterV_202003-F-pdf-212x300.jpg","width":212,"height":300,"mime_type":"image\/jpeg","source_url":"https:\/\/zentrum-garage.ch\/wp-content\/uploads\/2020\/03\/Vakant-KundendienstberaterV_202003-F-pdf-212x300.jpg"},"large":{"file":"Vakant-KundendienstberaterV_202003-F-pdf-724x1024.jpg","width":724,"height":1024,"mime_type":"image\/jpeg","source_url":"https:\/\/zentrum-garage.ch\/wp-content\/uploads\/2020\/03\/Vakant-KundendienstberaterV_202003-F-pdf-724x1024.jpg"},"thumbnail":{"file":"Vakant-KundendienstberaterV_202003-F-pdf-106x150.jpg","width":106,"height":150,"mime_type":"image\/jpeg","source_url":"https:\/\/zentrum-garage.ch\/wp-content\/uploads\/2020\/03\/Vakant-KundendienstberaterV_202003-F-pdf-106x150.jpg"}}},"post":null,"source_url":"https:\/\/zentrum-garage.ch\/wp-content\/uploads\/2020\/03\/Vakant-KundendienstberaterV_202003-F.pdf","_links":{"self":[{"href":"https:\/\/zentrum-garage.ch\/fr\/wp-json\/wp\/v2\/media\/32717"}],"collection":[{"href":"https:\/\/zentrum-garage.ch\/fr\/wp-json\/wp\/v2\/media"}],"about":[{"href":"https:\/\/zentrum-garage.ch\/fr\/wp-json\/wp\/v2\/types\/attachment"}],"author":[{"embeddable":true,"href":"https:\/\/zentrum-garage.ch\/fr\/wp-json\/wp\/v2\/users\/1"}],"replies":[{"embeddable":true,"href":"https:\/\/zentrum-garage.ch\/fr\/wp-json\/wp\/v2\/comments?post=32717"}]}}

Conseiller au service clientèle vacantV_202003 F

<p>Offre d&#8217;emploi de conseiller au service clientèle du Zentrum-Garage Düdingen. Version linguistique française.</p>
