{"id":32780,"date":"2020-05-11T05:18:08","date_gmt":"2020-05-11T05:18:08","guid":{"rendered":"http:\/\/zentrum-garage.ch\/wp-content\/uploads\/2020\/05\/Dankesbrief-Ernst-vom-April-2020-franz-1.pdf"},"modified":"2021-03-03T10:51:30","modified_gmt":"2021-03-03T10:51:30","slug":"dankesbrief-ernst-vom-april-2020-franz-2-2","status":"inherit","type":"attachment","link":"https:\/\/zentrum-garage.ch\/fr\/dankesbrief-ernst-vom-april-2020-franz-2-2\/","title":{"rendered":"Lettre de remerciement Ernst d&rsquo;avril 2020 franz"},"author":1,"comment_status":"closed","ping_status":"closed","template":"","meta":{"inline_featured_image":false},"aioseo_notices":[],"description":{"rendered":"<p class=\"attachment\"><a href='https:\/\/zentrum-garage.ch\/wp-content\/uploads\/2020\/05\/Dankesbrief-Ernst-vom-April-2020-franz-1.pdf'><img loading=\"lazy\" decoding=\"async\" width=\"212\" height=\"300\" src=\"https:\/\/zentrum-garage.ch\/wp-content\/uploads\/2020\/05\/Dankesbrief-Ernst-vom-April-2020-franz-1-pdf-212x300.jpg\" class=\"attachment-medium size-medium\" alt=\"Toni Andrade\" \/><\/a><\/p>\n"},"caption":{"rendered":"<p>Lettre de remerciement d&rsquo;Ernst Walther dat\u00e9e d&rsquo;avril 2020 et r\u00e9dig\u00e9e pour la client\u00e8le dans la version fran\u00e7aise.<\/p>\n"},"alt_text":"Toni Andrade","media_type":"file","mime_type":"application\/pdf","media_details":{"sizes":{"full":{"file":"Dankesbrief-Ernst-vom-April-2020-franz-1-pdf.jpg","width":1058,"height":1497,"mime_type":"application\/pdf","source_url":"https:\/\/zentrum-garage.ch\/wp-content\/uploads\/2020\/05\/Dankesbrief-Ernst-vom-April-2020-franz-1-pdf.jpg"},"medium":{"file":"Dankesbrief-Ernst-vom-April-2020-franz-1-pdf-212x300.jpg","width":212,"height":300,"mime_type":"image\/jpeg","source_url":"https:\/\/zentrum-garage.ch\/wp-content\/uploads\/2020\/05\/Dankesbrief-Ernst-vom-April-2020-franz-1-pdf-212x300.jpg"},"large":{"file":"Dankesbrief-Ernst-vom-April-2020-franz-1-pdf-724x1024.jpg","width":724,"height":1024,"mime_type":"image\/jpeg","source_url":"https:\/\/zentrum-garage.ch\/wp-content\/uploads\/2020\/05\/Dankesbrief-Ernst-vom-April-2020-franz-1-pdf-724x1024.jpg"},"thumbnail":{"file":"Dankesbrief-Ernst-vom-April-2020-franz-1-pdf-106x150.jpg","width":106,"height":150,"mime_type":"image\/jpeg","source_url":"https:\/\/zentrum-garage.ch\/wp-content\/uploads\/2020\/05\/Dankesbrief-Ernst-vom-April-2020-franz-1-pdf-106x150.jpg"}}},"post":null,"source_url":"https:\/\/zentrum-garage.ch\/wp-content\/uploads\/2020\/05\/Dankesbrief-Ernst-vom-April-2020-franz-1.pdf","_links":{"self":[{"href":"https:\/\/zentrum-garage.ch\/fr\/wp-json\/wp\/v2\/media\/32780"}],"collection":[{"href":"https:\/\/zentrum-garage.ch\/fr\/wp-json\/wp\/v2\/media"}],"about":[{"href":"https:\/\/zentrum-garage.ch\/fr\/wp-json\/wp\/v2\/types\/attachment"}],"author":[{"embeddable":true,"href":"https:\/\/zentrum-garage.ch\/fr\/wp-json\/wp\/v2\/users\/1"}],"replies":[{"embeddable":true,"href":"https:\/\/zentrum-garage.ch\/fr\/wp-json\/wp\/v2\/comments?post=32780"}]}}

<p>Lettre de remerciement d&rsquo;Ernst Walther datée d&rsquo;avril 2020 et rédigée pour la clientèle dans la version française.</p>
