{"id":33655,"date":"2021-06-02T09:50:51","date_gmt":"2021-06-02T09:50:51","guid":{"rendered":"https:\/\/zentrum-garage.ch\/wp-content\/uploads\/2021\/06\/1.jpg"},"modified":"2023-07-06T11:52:52","modified_gmt":"2023-07-06T11:52:52","slug":"1-2","status":"inherit","type":"attachment","link":"https:\/\/zentrum-garage.ch\/fr\/1-2\/","title":{"rendered":"R\u00e9cup\u00e9ration dans un ruisseau"},"author":1,"comment_status":"closed","ping_status":"closed","template":"","meta":{"inline_featured_image":false},"aioseo_notices":[],"description":{"rendered":"<p class=\"attachment\"><a href='https:\/\/zentrum-garage.ch\/wp-content\/uploads\/2021\/06\/1.jpg'><img loading=\"lazy\" decoding=\"async\" width=\"225\" height=\"300\" src=\"https:\/\/zentrum-garage.ch\/wp-content\/uploads\/2021\/06\/1-225x300.jpg\" class=\"attachment-medium size-medium\" alt=\"R\u00e9cup\u00e9ration dans un ruisseau\" srcset=\"https:\/\/zentrum-garage.ch\/wp-content\/uploads\/2021\/06\/1-225x300.jpg 225w, https:\/\/zentrum-garage.ch\/wp-content\/uploads\/2021\/06\/1-768x1024.jpg 768w, https:\/\/zentrum-garage.ch\/wp-content\/uploads\/2021\/06\/1-1152x1536.jpg 1152w, https:\/\/zentrum-garage.ch\/wp-content\/uploads\/2021\/06\/1-830x1107.jpg 830w, https:\/\/zentrum-garage.ch\/wp-content\/uploads\/2021\/06\/1-230x307.jpg 230w, https:\/\/zentrum-garage.ch\/wp-content\/uploads\/2021\/06\/1-350x467.jpg 350w, https:\/\/zentrum-garage.ch\/wp-content\/uploads\/2021\/06\/1-480x640.jpg 480w, https:\/\/zentrum-garage.ch\/wp-content\/uploads\/2021\/06\/1.jpg 1536w\" sizes=\"(max-width: 225px) 100vw, 225px\" \/><\/a><\/p>\n<p>Le v\u00e9hicule est dans le ruisseau et est r\u00e9cup\u00e9r\u00e9 par AutoAssistance Walther.<\/p>\n"},"caption":{"rendered":"<p>Le v\u00e9hicule est dans le ruisseau et est r\u00e9cup\u00e9r\u00e9 par AutoAssistance Walther.<\/p>\n"},"alt_text":"R\u00e9cup\u00e9ration dans un ruisseau","media_type":"image","mime_type":"image\/jpeg","media_details":{"width":1536,"height":2048,"file":"2021\/06\/1.jpg","sizes":{"medium":{"file":"1-225x300.jpg","width":225,"height":300,"mime_type":"image\/jpeg","source_url":"https:\/\/zentrum-garage.ch\/wp-content\/uploads\/2021\/06\/1-225x300.jpg"},"large":{"file":"1-768x1024.jpg","width":768,"height":1024,"mime_type":"image\/jpeg","source_url":"https:\/\/zentrum-garage.ch\/wp-content\/uploads\/2021\/06\/1-768x1024.jpg"},"thumbnail":{"file":"1-150x150.jpg","width":150,"height":150,"mime_type":"image\/jpeg","source_url":"https:\/\/zentrum-garage.ch\/wp-content\/uploads\/2021\/06\/1-150x150.jpg"},"medium_large":{"file":"1-768x1024.jpg","width":768,"height":1024,"mime_type":"image\/jpeg","source_url":"https:\/\/zentrum-garage.ch\/wp-content\/uploads\/2021\/06\/1-768x1024.jpg"},"1536x1536":{"file":"1-1152x1536.jpg","width":1152,"height":1536,"mime_type":"image\/jpeg","source_url":"https:\/\/zentrum-garage.ch\/wp-content\/uploads\/2021\/06\/1-1152x1536.jpg"},"large-thumb":{"file":"1-830x1107.jpg","width":830,"height":1107,"mime_type":"image\/jpeg","source_url":"https:\/\/zentrum-garage.ch\/wp-content\/uploads\/2021\/06\/1-830x1107.jpg"},"medium-thumb":{"file":"1-550x400.jpg","width":550,"height":400,"mime_type":"image\/jpeg","source_url":"https:\/\/zentrum-garage.ch\/wp-content\/uploads\/2021\/06\/1-550x400.jpg"},"small-thumb":{"file":"1-230x307.jpg","width":230,"height":307,"mime_type":"image\/jpeg","source_url":"https:\/\/zentrum-garage.ch\/wp-content\/uploads\/2021\/06\/1-230x307.jpg"},"sydney-service-thumb":{"file":"1-350x467.jpg","width":350,"height":467,"mime_type":"image\/jpeg","source_url":"https:\/\/zentrum-garage.ch\/wp-content\/uploads\/2021\/06\/1-350x467.jpg"},"sydney-mas-thumb":{"file":"1-480x640.jpg","width":480,"height":640,"mime_type":"image\/jpeg","source_url":"https:\/\/zentrum-garage.ch\/wp-content\/uploads\/2021\/06\/1-480x640.jpg"},"full":{"file":"1.jpg","width":1536,"height":2048,"mime_type":"image\/jpeg","source_url":"https:\/\/zentrum-garage.ch\/wp-content\/uploads\/2021\/06\/1.jpg"}},"image_meta":{"aperture":"0","credit":"","camera":"","caption":"","created_timestamp":"0","copyright":"","focal_length":"0","iso":"0","shutter_speed":"0","title":"","orientation":"0","keywords":[]}},"post":null,"source_url":"https:\/\/zentrum-garage.ch\/wp-content\/uploads\/2021\/06\/1.jpg","_links":{"self":[{"href":"https:\/\/zentrum-garage.ch\/fr\/wp-json\/wp\/v2\/media\/33655"}],"collection":[{"href":"https:\/\/zentrum-garage.ch\/fr\/wp-json\/wp\/v2\/media"}],"about":[{"href":"https:\/\/zentrum-garage.ch\/fr\/wp-json\/wp\/v2\/types\/attachment"}],"author":[{"embeddable":true,"href":"https:\/\/zentrum-garage.ch\/fr\/wp-json\/wp\/v2\/users\/1"}],"replies":[{"embeddable":true,"href":"https:\/\/zentrum-garage.ch\/fr\/wp-json\/wp\/v2\/comments?post=33655"}]}}

Récupération dans un ruisseau

<p class="attachment"><a href='https://zentrum-garage.ch/wp-content/uploads/2021/06/1.jpg'><img loading="lazy" decoding="async" width="225" height="300" src="https://zentrum-garage.ch/wp-content/uploads/2021/06/1-225x300.jpg" class="attachment-medium size-medium" alt="Récupération dans un ruisseau" srcset="https://zentrum-garage.ch/wp-content/uploads/2021/06/1-225x300.jpg 225w, https://zentrum-garage.ch/wp-content/uploads/2021/06/1-768x1024.jpg 768w, https://zentrum-garage.ch/wp-content/uploads/2021/06/1-1152x1536.jpg 1152w, https://zentrum-garage.ch/wp-content/uploads/2021/06/1-830x1107.jpg 830w, https://zentrum-garage.ch/wp-content/uploads/2021/06/1-230x307.jpg 230w, https://zentrum-garage.ch/wp-content/uploads/2021/06/1-350x467.jpg 350w, https://zentrum-garage.ch/wp-content/uploads/2021/06/1-480x640.jpg 480w, https://zentrum-garage.ch/wp-content/uploads/2021/06/1.jpg 1536w" sizes="(max-width: 225px) 100vw, 225px" /></a></p>
<p>Le véhicule est dans le ruisseau et est récupéré par AutoAssistance Walther.</p>

<p>Le véhicule est dans le ruisseau et est récupéré par AutoAssistance Walther.</p>
