{"id":34048,"date":"2022-02-01T09:52:19","date_gmt":"2022-02-01T09:52:19","guid":{"rendered":"https:\/\/zentrum-garage.ch\/wp-content\/uploads\/2022\/02\/zgd_100-jahre_portra\u0308ts_rahmen_henrique.png"},"modified":"2023-07-06T11:52:15","modified_gmt":"2023-07-06T11:52:15","slug":"zgd_100-jahre_portra%cc%88ts_rahmen_henrique-2","status":"inherit","type":"attachment","link":"https:\/\/zentrum-garage.ch\/fr\/notre-equipe\/zgd_100-jahre_portra%cc%88ts_rahmen_henrique-2\/","title":{"rendered":"zgd_100-jahre_portra\u0308ts_rahmen_henrique"},"author":1,"comment_status":"closed","ping_status":"closed","template":"","meta":{"inline_featured_image":false},"aioseo_notices":[],"description":{"rendered":"<p class=\"attachment\"><a href='https:\/\/zentrum-garage.ch\/wp-content\/uploads\/2022\/02\/zgd_100-jahre_portra\u0308ts_rahmen_henrique.png'><img loading=\"lazy\" decoding=\"async\" width=\"254\" height=\"300\" src=\"https:\/\/zentrum-garage.ch\/wp-content\/uploads\/2022\/02\/zgd_100-jahre_portra\u0308ts_rahmen_henrique-254x300.png\" class=\"attachment-medium size-medium\" alt=\"Henrique Magalhaes\" srcset=\"https:\/\/zentrum-garage.ch\/wp-content\/uploads\/2022\/02\/zgd_100-jahre_portra\u0308ts_rahmen_henrique-254x300.png 254w, https:\/\/zentrum-garage.ch\/wp-content\/uploads\/2022\/02\/zgd_100-jahre_portra\u0308ts_rahmen_henrique-230x272.png 230w, https:\/\/zentrum-garage.ch\/wp-content\/uploads\/2022\/02\/zgd_100-jahre_portra\u0308ts_rahmen_henrique-350x414.png 350w, https:\/\/zentrum-garage.ch\/wp-content\/uploads\/2022\/02\/zgd_100-jahre_portra\u0308ts_rahmen_henrique.png 400w\" sizes=\"(max-width: 254px) 100vw, 254px\" \/><\/a><\/p>\n<p>Retour dans le pass\u00e9 : l&rsquo;\u00e9quipe du Zentrum-Garage s&rsquo;est lanc\u00e9e dans la c\u00e9l\u00e9bration de son 100e anniversaire.<\/p>\n"},"caption":{"rendered":"<p>Henrique Magalhaes<\/p>\n"},"alt_text":"Henrique Magalhaes","media_type":"image","mime_type":"image\/png","media_details":{"width":400,"height":473,"file":"2022\/02\/zgd_100-jahre_portra\u0308ts_rahmen_henrique.png","sizes":{"medium":{"file":"zgd_100-jahre_portra\u0308ts_rahmen_henrique-254x300.png","width":254,"height":300,"mime_type":"image\/png","source_url":"https:\/\/zentrum-garage.ch\/wp-content\/uploads\/2022\/02\/zgd_100-jahre_portra\u0308ts_rahmen_henrique-254x300.png"},"thumbnail":{"file":"zgd_100-jahre_portra\u0308ts_rahmen_henrique-150x150.png","width":150,"height":150,"mime_type":"image\/png","source_url":"https:\/\/zentrum-garage.ch\/wp-content\/uploads\/2022\/02\/zgd_100-jahre_portra\u0308ts_rahmen_henrique-150x150.png"},"medium-thumb":{"file":"zgd_100-jahre_portra\u0308ts_rahmen_henrique-400x400.png","width":400,"height":400,"mime_type":"image\/png","source_url":"https:\/\/zentrum-garage.ch\/wp-content\/uploads\/2022\/02\/zgd_100-jahre_portra\u0308ts_rahmen_henrique-400x400.png"},"small-thumb":{"file":"zgd_100-jahre_portra\u0308ts_rahmen_henrique-230x272.png","width":230,"height":272,"mime_type":"image\/png","source_url":"https:\/\/zentrum-garage.ch\/wp-content\/uploads\/2022\/02\/zgd_100-jahre_portra\u0308ts_rahmen_henrique-230x272.png"},"sydney-service-thumb":{"file":"zgd_100-jahre_portra\u0308ts_rahmen_henrique-350x414.png","width":350,"height":414,"mime_type":"image\/png","source_url":"https:\/\/zentrum-garage.ch\/wp-content\/uploads\/2022\/02\/zgd_100-jahre_portra\u0308ts_rahmen_henrique-350x414.png"},"full":{"file":"zgd_100-jahre_portra\u0308ts_rahmen_henrique.png","width":400,"height":473,"mime_type":"image\/png","source_url":"https:\/\/zentrum-garage.ch\/wp-content\/uploads\/2022\/02\/zgd_100-jahre_portra\u0308ts_rahmen_henrique.png"}},"image_meta":{"aperture":"0","credit":"","camera":"","caption":"","created_timestamp":"0","copyright":"","focal_length":"0","iso":"0","shutter_speed":"0","title":"","orientation":"0","keywords":[]}},"post":1491,"source_url":"https:\/\/zentrum-garage.ch\/wp-content\/uploads\/2022\/02\/zgd_100-jahre_portra\u0308ts_rahmen_henrique.png","_links":{"self":[{"href":"https:\/\/zentrum-garage.ch\/fr\/wp-json\/wp\/v2\/media\/34048"}],"collection":[{"href":"https:\/\/zentrum-garage.ch\/fr\/wp-json\/wp\/v2\/media"}],"about":[{"href":"https:\/\/zentrum-garage.ch\/fr\/wp-json\/wp\/v2\/types\/attachment"}],"author":[{"embeddable":true,"href":"https:\/\/zentrum-garage.ch\/fr\/wp-json\/wp\/v2\/users\/1"}],"replies":[{"embeddable":true,"href":"https:\/\/zentrum-garage.ch\/fr\/wp-json\/wp\/v2\/comments?post=34048"}]}}

<p class="attachment"><a href='https://zentrum-garage.ch/wp-content/uploads/2022/02/zgd_100-jahre_porträts_rahmen_henrique.png'><img loading="lazy" decoding="async" width="254" height="300" src="https://zentrum-garage.ch/wp-content/uploads/2022/02/zgd_100-jahre_porträts_rahmen_henrique-254x300.png" class="attachment-medium size-medium" alt="Henrique Magalhaes" srcset="https://zentrum-garage.ch/wp-content/uploads/2022/02/zgd_100-jahre_porträts_rahmen_henrique-254x300.png 254w, https://zentrum-garage.ch/wp-content/uploads/2022/02/zgd_100-jahre_porträts_rahmen_henrique-230x272.png 230w, https://zentrum-garage.ch/wp-content/uploads/2022/02/zgd_100-jahre_porträts_rahmen_henrique-350x414.png 350w, https://zentrum-garage.ch/wp-content/uploads/2022/02/zgd_100-jahre_porträts_rahmen_henrique.png 400w" sizes="(max-width: 254px) 100vw, 254px" /></a></p>
<p>Retour dans le passé : l&rsquo;équipe du Zentrum-Garage s&rsquo;est lancée dans la célébration de son 100e anniversaire.</p>
