{"id":34086,"date":"2022-02-01T13:28:09","date_gmt":"2022-02-01T13:28:09","guid":{"rendered":"https:\/\/zentrum-garage.ch\/wp-content\/uploads\/2022\/02\/Zentrum-Garage_1928_Inserat_19280228.png"},"modified":"2023-07-06T11:50:24","modified_gmt":"2023-07-06T11:50:24","slug":"zentrum-garage_1928_inserat_19280228-2","status":"inherit","type":"attachment","link":"https:\/\/zentrum-garage.ch\/fr\/historique\/zentrum-garage_1928_inserat_19280228-2\/","title":{"rendered":"Zentrum-Garage_1928_Inserat_19280228"},"author":1,"comment_status":"closed","ping_status":"closed","template":"","meta":{"inline_featured_image":false},"aioseo_notices":[],"description":{"rendered":"<p class=\"attachment\"><a href='https:\/\/zentrum-garage.ch\/wp-content\/uploads\/2022\/02\/Zentrum-Garage_1928_Inserat_19280228.png'><img loading=\"lazy\" decoding=\"async\" width=\"300\" height=\"217\" src=\"https:\/\/zentrum-garage.ch\/wp-content\/uploads\/2022\/02\/Zentrum-Garage_1928_Inserat_19280228-300x217.png\" class=\"attachment-medium size-medium\" alt=\"Annonce du 28.02.1928 dans les Freiburger Nachrichten.\" srcset=\"https:\/\/zentrum-garage.ch\/wp-content\/uploads\/2022\/02\/Zentrum-Garage_1928_Inserat_19280228-300x217.png 300w, https:\/\/zentrum-garage.ch\/wp-content\/uploads\/2022\/02\/Zentrum-Garage_1928_Inserat_19280228-768x555.png 768w, https:\/\/zentrum-garage.ch\/wp-content\/uploads\/2022\/02\/Zentrum-Garage_1928_Inserat_19280228-550x400.png 550w, https:\/\/zentrum-garage.ch\/wp-content\/uploads\/2022\/02\/Zentrum-Garage_1928_Inserat_19280228-230x166.png 230w, https:\/\/zentrum-garage.ch\/wp-content\/uploads\/2022\/02\/Zentrum-Garage_1928_Inserat_19280228-350x253.png 350w, https:\/\/zentrum-garage.ch\/wp-content\/uploads\/2022\/02\/Zentrum-Garage_1928_Inserat_19280228-480x347.png 480w, https:\/\/zentrum-garage.ch\/wp-content\/uploads\/2022\/02\/Zentrum-Garage_1928_Inserat_19280228.png 800w\" sizes=\"(max-width: 300px) 100vw, 300px\" \/><\/a><\/p>\n<p>Lorsque le nouveau b\u00e2timent a \u00e9t\u00e9 achev\u00e9, Ernst Walther senior a fait la promotion de ses services.<\/p>\n"},"caption":{"rendered":"<p>Annonce du 28.02.1928 dans les Freiburger Nachrichten. Lorsque le nouveau b\u00e2timent a \u00e9t\u00e9 achev\u00e9, Ernst Walther senior a fait la promotion de ses services.<\/p>\n"},"alt_text":"Annonce du 28.02.1928 dans les Freiburger Nachrichten.","media_type":"image","mime_type":"image\/png","media_details":{"width":800,"height":578,"file":"2022\/02\/Zentrum-Garage_1928_Inserat_19280228.png","sizes":{"medium":{"file":"Zentrum-Garage_1928_Inserat_19280228-300x217.png","width":300,"height":217,"mime_type":"image\/png","source_url":"https:\/\/zentrum-garage.ch\/wp-content\/uploads\/2022\/02\/Zentrum-Garage_1928_Inserat_19280228-300x217.png"},"thumbnail":{"file":"Zentrum-Garage_1928_Inserat_19280228-150x150.png","width":150,"height":150,"mime_type":"image\/png","source_url":"https:\/\/zentrum-garage.ch\/wp-content\/uploads\/2022\/02\/Zentrum-Garage_1928_Inserat_19280228-150x150.png"},"medium_large":{"file":"Zentrum-Garage_1928_Inserat_19280228-768x555.png","width":768,"height":555,"mime_type":"image\/png","source_url":"https:\/\/zentrum-garage.ch\/wp-content\/uploads\/2022\/02\/Zentrum-Garage_1928_Inserat_19280228-768x555.png"},"medium-thumb":{"file":"Zentrum-Garage_1928_Inserat_19280228-550x400.png","width":550,"height":400,"mime_type":"image\/png","source_url":"https:\/\/zentrum-garage.ch\/wp-content\/uploads\/2022\/02\/Zentrum-Garage_1928_Inserat_19280228-550x400.png"},"small-thumb":{"file":"Zentrum-Garage_1928_Inserat_19280228-230x166.png","width":230,"height":166,"mime_type":"image\/png","source_url":"https:\/\/zentrum-garage.ch\/wp-content\/uploads\/2022\/02\/Zentrum-Garage_1928_Inserat_19280228-230x166.png"},"sydney-service-thumb":{"file":"Zentrum-Garage_1928_Inserat_19280228-350x253.png","width":350,"height":253,"mime_type":"image\/png","source_url":"https:\/\/zentrum-garage.ch\/wp-content\/uploads\/2022\/02\/Zentrum-Garage_1928_Inserat_19280228-350x253.png"},"sydney-mas-thumb":{"file":"Zentrum-Garage_1928_Inserat_19280228-480x347.png","width":480,"height":347,"mime_type":"image\/png","source_url":"https:\/\/zentrum-garage.ch\/wp-content\/uploads\/2022\/02\/Zentrum-Garage_1928_Inserat_19280228-480x347.png"},"full":{"file":"Zentrum-Garage_1928_Inserat_19280228.png","width":800,"height":578,"mime_type":"image\/png","source_url":"https:\/\/zentrum-garage.ch\/wp-content\/uploads\/2022\/02\/Zentrum-Garage_1928_Inserat_19280228.png"}},"image_meta":{"aperture":"0","credit":"","camera":"","caption":"","created_timestamp":"0","copyright":"","focal_length":"0","iso":"0","shutter_speed":"0","title":"","orientation":"0","keywords":[]}},"post":1549,"source_url":"https:\/\/zentrum-garage.ch\/wp-content\/uploads\/2022\/02\/Zentrum-Garage_1928_Inserat_19280228.png","_links":{"self":[{"href":"https:\/\/zentrum-garage.ch\/fr\/wp-json\/wp\/v2\/media\/34086"}],"collection":[{"href":"https:\/\/zentrum-garage.ch\/fr\/wp-json\/wp\/v2\/media"}],"about":[{"href":"https:\/\/zentrum-garage.ch\/fr\/wp-json\/wp\/v2\/types\/attachment"}],"author":[{"embeddable":true,"href":"https:\/\/zentrum-garage.ch\/fr\/wp-json\/wp\/v2\/users\/1"}],"replies":[{"embeddable":true,"href":"https:\/\/zentrum-garage.ch\/fr\/wp-json\/wp\/v2\/comments?post=34086"}]}}

<p class="attachment"><a href='https://zentrum-garage.ch/wp-content/uploads/2022/02/Zentrum-Garage_1928_Inserat_19280228.png'><img loading="lazy" decoding="async" width="300" height="217" src="https://zentrum-garage.ch/wp-content/uploads/2022/02/Zentrum-Garage_1928_Inserat_19280228-300x217.png" class="attachment-medium size-medium" alt="Annonce du 28.02.1928 dans les Freiburger Nachrichten." srcset="https://zentrum-garage.ch/wp-content/uploads/2022/02/Zentrum-Garage_1928_Inserat_19280228-300x217.png 300w, https://zentrum-garage.ch/wp-content/uploads/2022/02/Zentrum-Garage_1928_Inserat_19280228-768x555.png 768w, https://zentrum-garage.ch/wp-content/uploads/2022/02/Zentrum-Garage_1928_Inserat_19280228-550x400.png 550w, https://zentrum-garage.ch/wp-content/uploads/2022/02/Zentrum-Garage_1928_Inserat_19280228-230x166.png 230w, https://zentrum-garage.ch/wp-content/uploads/2022/02/Zentrum-Garage_1928_Inserat_19280228-350x253.png 350w, https://zentrum-garage.ch/wp-content/uploads/2022/02/Zentrum-Garage_1928_Inserat_19280228-480x347.png 480w, https://zentrum-garage.ch/wp-content/uploads/2022/02/Zentrum-Garage_1928_Inserat_19280228.png 800w" sizes="(max-width: 300px) 100vw, 300px" /></a></p>
<p>Lorsque le nouveau bâtiment a été achevé, Ernst Walther senior a fait la promotion de ses services.</p>

<p>Annonce du 28.02.1928 dans les Freiburger Nachrichten. Lorsque le nouveau bâtiment a été achevé, Ernst Walther senior a fait la promotion de ses services.</p>
