{"id":34140,"date":"2022-02-01T19:52:00","date_gmt":"2022-02-01T19:52:00","guid":{"rendered":"https:\/\/zentrum-garage.ch\/wp-content\/uploads\/2022\/02\/Zentrum-Garage_2020_Halle_Industriestrasse_02.jpeg"},"modified":"2023-07-06T11:41:36","modified_gmt":"2023-07-06T11:41:36","slug":"zentrum-garage_2020_halle_industriestrasse_02-2","status":"inherit","type":"attachment","link":"https:\/\/zentrum-garage.ch\/fr\/historique\/zentrum-garage_2020_halle_industriestrasse_02-2\/","title":{"rendered":"Zentrum-Garage_2020_Halle_Industriestrasse_02"},"author":1,"comment_status":"closed","ping_status":"closed","template":"","meta":{"inline_featured_image":false},"aioseo_notices":[],"description":{"rendered":"<p class=\"attachment\"><a href='https:\/\/zentrum-garage.ch\/wp-content\/uploads\/2022\/02\/Zentrum-Garage_2020_Halle_Industriestrasse_02.jpeg'><img loading=\"lazy\" decoding=\"async\" width=\"300\" height=\"200\" src=\"https:\/\/zentrum-garage.ch\/wp-content\/uploads\/2022\/02\/Zentrum-Garage_2020_Halle_Industriestrasse_02-300x200.jpeg\" class=\"attachment-medium size-medium\" alt=\"Adrian Walther\" srcset=\"https:\/\/zentrum-garage.ch\/wp-content\/uploads\/2022\/02\/Zentrum-Garage_2020_Halle_Industriestrasse_02-300x200.jpeg 300w, https:\/\/zentrum-garage.ch\/wp-content\/uploads\/2022\/02\/Zentrum-Garage_2020_Halle_Industriestrasse_02-768x512.jpeg 768w, https:\/\/zentrum-garage.ch\/wp-content\/uploads\/2022\/02\/Zentrum-Garage_2020_Halle_Industriestrasse_02-230x153.jpeg 230w, https:\/\/zentrum-garage.ch\/wp-content\/uploads\/2022\/02\/Zentrum-Garage_2020_Halle_Industriestrasse_02-350x233.jpeg 350w, https:\/\/zentrum-garage.ch\/wp-content\/uploads\/2022\/02\/Zentrum-Garage_2020_Halle_Industriestrasse_02-480x320.jpeg 480w, https:\/\/zentrum-garage.ch\/wp-content\/uploads\/2022\/02\/Zentrum-Garage_2020_Halle_Industriestrasse_02.jpeg 800w\" sizes=\"(max-width: 300px) 100vw, 300px\" \/><\/a><\/p>\n<p>La 1\u00e8re \u00e9tape du nouveau b\u00e2timent \u00e0 l&rsquo;Industriestrasse 20 \u00e0 D\u00fcdingen\/Guin.<\/p>\n"},"caption":{"rendered":"<p>La 1\u00e8re \u00e9tape du nouveau b\u00e2timent \u00e0 l&rsquo;Industriestrasse 20 \u00e0 D\u00fcdingen\/Guin.<\/p>\n"},"alt_text":"Adrian Walther","media_type":"image","mime_type":"image\/jpeg","media_details":{"width":800,"height":533,"file":"2022\/02\/Zentrum-Garage_2020_Halle_Industriestrasse_02.jpeg","sizes":{"medium":{"file":"Zentrum-Garage_2020_Halle_Industriestrasse_02-300x200.jpeg","width":300,"height":200,"mime_type":"image\/jpeg","source_url":"https:\/\/zentrum-garage.ch\/wp-content\/uploads\/2022\/02\/Zentrum-Garage_2020_Halle_Industriestrasse_02-300x200.jpeg"},"thumbnail":{"file":"Zentrum-Garage_2020_Halle_Industriestrasse_02-150x150.jpeg","width":150,"height":150,"mime_type":"image\/jpeg","source_url":"https:\/\/zentrum-garage.ch\/wp-content\/uploads\/2022\/02\/Zentrum-Garage_2020_Halle_Industriestrasse_02-150x150.jpeg"},"medium_large":{"file":"Zentrum-Garage_2020_Halle_Industriestrasse_02-768x512.jpeg","width":768,"height":512,"mime_type":"image\/jpeg","source_url":"https:\/\/zentrum-garage.ch\/wp-content\/uploads\/2022\/02\/Zentrum-Garage_2020_Halle_Industriestrasse_02-768x512.jpeg"},"medium-thumb":{"file":"Zentrum-Garage_2020_Halle_Industriestrasse_02-550x400.jpeg","width":550,"height":400,"mime_type":"image\/jpeg","source_url":"https:\/\/zentrum-garage.ch\/wp-content\/uploads\/2022\/02\/Zentrum-Garage_2020_Halle_Industriestrasse_02-550x400.jpeg"},"small-thumb":{"file":"Zentrum-Garage_2020_Halle_Industriestrasse_02-230x153.jpeg","width":230,"height":153,"mime_type":"image\/jpeg","source_url":"https:\/\/zentrum-garage.ch\/wp-content\/uploads\/2022\/02\/Zentrum-Garage_2020_Halle_Industriestrasse_02-230x153.jpeg"},"sydney-service-thumb":{"file":"Zentrum-Garage_2020_Halle_Industriestrasse_02-350x233.jpeg","width":350,"height":233,"mime_type":"image\/jpeg","source_url":"https:\/\/zentrum-garage.ch\/wp-content\/uploads\/2022\/02\/Zentrum-Garage_2020_Halle_Industriestrasse_02-350x233.jpeg"},"sydney-mas-thumb":{"file":"Zentrum-Garage_2020_Halle_Industriestrasse_02-480x320.jpeg","width":480,"height":320,"mime_type":"image\/jpeg","source_url":"https:\/\/zentrum-garage.ch\/wp-content\/uploads\/2022\/02\/Zentrum-Garage_2020_Halle_Industriestrasse_02-480x320.jpeg"},"full":{"file":"Zentrum-Garage_2020_Halle_Industriestrasse_02.jpeg","width":800,"height":533,"mime_type":"image\/jpeg","source_url":"https:\/\/zentrum-garage.ch\/wp-content\/uploads\/2022\/02\/Zentrum-Garage_2020_Halle_Industriestrasse_02.jpeg"}},"image_meta":{"aperture":"0","credit":"","camera":"","caption":"","created_timestamp":"0","copyright":"","focal_length":"0","iso":"0","shutter_speed":"0","title":"","orientation":"0","keywords":[]}},"post":1549,"source_url":"https:\/\/zentrum-garage.ch\/wp-content\/uploads\/2022\/02\/Zentrum-Garage_2020_Halle_Industriestrasse_02.jpeg","_links":{"self":[{"href":"https:\/\/zentrum-garage.ch\/fr\/wp-json\/wp\/v2\/media\/34140"}],"collection":[{"href":"https:\/\/zentrum-garage.ch\/fr\/wp-json\/wp\/v2\/media"}],"about":[{"href":"https:\/\/zentrum-garage.ch\/fr\/wp-json\/wp\/v2\/types\/attachment"}],"author":[{"embeddable":true,"href":"https:\/\/zentrum-garage.ch\/fr\/wp-json\/wp\/v2\/users\/1"}],"replies":[{"embeddable":true,"href":"https:\/\/zentrum-garage.ch\/fr\/wp-json\/wp\/v2\/comments?post=34140"}]}}

<p class="attachment"><a href='https://zentrum-garage.ch/wp-content/uploads/2022/02/Zentrum-Garage_2020_Halle_Industriestrasse_02.jpeg'><img loading="lazy" decoding="async" width="300" height="200" src="https://zentrum-garage.ch/wp-content/uploads/2022/02/Zentrum-Garage_2020_Halle_Industriestrasse_02-300x200.jpeg" class="attachment-medium size-medium" alt="Adrian Walther" srcset="https://zentrum-garage.ch/wp-content/uploads/2022/02/Zentrum-Garage_2020_Halle_Industriestrasse_02-300x200.jpeg 300w, https://zentrum-garage.ch/wp-content/uploads/2022/02/Zentrum-Garage_2020_Halle_Industriestrasse_02-768x512.jpeg 768w, https://zentrum-garage.ch/wp-content/uploads/2022/02/Zentrum-Garage_2020_Halle_Industriestrasse_02-230x153.jpeg 230w, https://zentrum-garage.ch/wp-content/uploads/2022/02/Zentrum-Garage_2020_Halle_Industriestrasse_02-350x233.jpeg 350w, https://zentrum-garage.ch/wp-content/uploads/2022/02/Zentrum-Garage_2020_Halle_Industriestrasse_02-480x320.jpeg 480w, https://zentrum-garage.ch/wp-content/uploads/2022/02/Zentrum-Garage_2020_Halle_Industriestrasse_02.jpeg 800w" sizes="(max-width: 300px) 100vw, 300px" /></a></p>
<p>La 1ère étape du nouveau bâtiment à l&rsquo;Industriestrasse 20 à Düdingen/Guin.</p>

<p>La 1ère étape du nouveau bâtiment à l&rsquo;Industriestrasse 20 à Düdingen/Guin.</p>
