{"id":1446,"date":"2019-04-10T15:10:37","date_gmt":"2019-04-10T15:10:37","guid":{"rendered":"http:\/\/zentrum-garage.ch\/location-de-vehicules\/"},"modified":"2021-06-01T05:54:49","modified_gmt":"2021-06-01T05:54:49","slug":"location-de-vehicules","status":"publish","type":"page","link":"https:\/\/zentrum-garage.ch\/fr\/location-de-vehicules\/","title":{"rendered":"Location de v\u00e9hicules"},"content":{"rendered":"\t\t<div data-elementor-type=\"wp-post\" data-elementor-id=\"1446\" class=\"elementor elementor-1446\">\n\t\t\t\t\t\t\t\t\t<section class=\"elementor-section elementor-top-section elementor-element elementor-element-7220f53 elementor-section-boxed elementor-section-height-default elementor-section-height-default\" data-id=\"7220f53\" data-element_type=\"section\">\n\t\t\t\t\t\t<div class=\"elementor-container elementor-column-gap-default\">\n\t\t\t\t\t<div class=\"elementor-column elementor-col-100 elementor-top-column elementor-element elementor-element-3a82c24\" data-id=\"3a82c24\" data-element_type=\"column\">\n\t\t\t<div class=\"elementor-widget-wrap elementor-element-populated\">\n\t\t\t\t\t\t\t\t<div class=\"elementor-element elementor-element-8837f38 elementor-widget elementor-widget-text-editor\" data-id=\"8837f38\" data-element_type=\"widget\" data-widget_type=\"text-editor.default\">\n\t\t\t\t<div class=\"elementor-widget-container\">\n\t\t\t\t\t\t\t<p>Vous cherchez un v\u00e9hicule pour un d\u00e9m\u00e9nagement ou le transport de personnes\u00a0? Chez nous, vous \u00eates s\u00fbrs de trouver le v\u00e9hicule de location id\u00e9al selon vos besoins\u00a0!<\/p>\n\t\t\t\t\t\t<\/div>\n\t\t\t\t<\/div>\n\t\t\t\t<div class=\"elementor-element elementor-element-6c649ec elementor-position-left elementor-view-default elementor-mobile-position-top elementor-vertical-align-top elementor-widget elementor-widget-icon-box\" data-id=\"6c649ec\" data-element_type=\"widget\" data-widget_type=\"icon-box.default\">\n\t\t\t\t<div class=\"elementor-widget-container\">\n\t\t\t\t\t<div class=\"elementor-icon-box-wrapper\">\n\t\t\t\t\t\t<div class=\"elementor-icon-box-icon\">\n\t\t\t\t<a href=\"https:\/\/zentrum-garage.ch\/wp-content\/uploads\/2021\/06\/Uebersicht-Mietwagen-2021_FR.pdf\" target=\"_blank\" class=\"elementor-icon elementor-animation-grow\" tabindex=\"-1\">\n\t\t\t\t<i class=\"fa fa-download\" aria-hidden=\"true\"><\/i>\t\t\t\t<\/a>\n\t\t\t<\/div>\n\t\t\t\t\t\t<div class=\"elementor-icon-box-content\">\n\t\t\t\t<div class=\"elementor-icon-box-title\">\n\t\t\t\t\t<a href=\"https:\/\/zentrum-garage.ch\/wp-content\/uploads\/2021\/06\/Uebersicht-Mietwagen-2021_FR.pdf\" target=\"_blank\" >\n\t\t\t\t\t\tNos v\u00e9hicules de location en vue d\u2019ensemble (PDF)\t\t\t\t\t<\/a>\n\t\t\t\t<\/div>\n\t\t\t\t\t\t\t\t\t<p class=\"elementor-icon-box-description\">\n\t\t\t\t\t\tUn aper\u00e7u g\u00e9n\u00e9ral des v\u00e9hicules de location avec informations d\u00e9taill\u00e9es concernant la surface de chargement, le permis de conduire n\u00e9cessaire, etc., \u00e0 t\u00e9l\u00e9charger.  \t\t\t\t\t<\/p>\n\t\t\t\t\t\t\t<\/div>\n\t\t<\/div>\n\t\t\t\t<\/div>\n\t\t\t\t<\/div>\n\t\t\t\t<div class=\"elementor-element elementor-element-19bc20b elementor-widget elementor-widget-image\" data-id=\"19bc20b\" data-element_type=\"widget\" data-widget_type=\"image.default\">\n\t\t\t\t<div class=\"elementor-widget-container\">\n\t\t\t\t\t\t\t\t\t\t\t\t\t\t\t<img loading=\"lazy\" decoding=\"async\" width=\"1024\" height=\"267\" src=\"https:\/\/zentrum-garage.ch\/wp-content\/uploads\/2021\/03\/Bild1-1024x267.png\" class=\"attachment-large size-large wp-image-33387\" alt=\"MIetwagen in der \u00dcbersicht\" srcset=\"https:\/\/zentrum-garage.ch\/wp-content\/uploads\/2021\/03\/Bild1-1024x267.png 1024w, https:\/\/zentrum-garage.ch\/wp-content\/uploads\/2021\/03\/Bild1-300x78.png 300w, https:\/\/zentrum-garage.ch\/wp-content\/uploads\/2021\/03\/Bild1-768x200.png 768w, https:\/\/zentrum-garage.ch\/wp-content\/uploads\/2021\/03\/Bild1-1536x400.png 1536w, https:\/\/zentrum-garage.ch\/wp-content\/uploads\/2021\/03\/Bild1-830x216.png 830w, https:\/\/zentrum-garage.ch\/wp-content\/uploads\/2021\/03\/Bild1-230x60.png 230w, https:\/\/zentrum-garage.ch\/wp-content\/uploads\/2021\/03\/Bild1-350x91.png 350w, https:\/\/zentrum-garage.ch\/wp-content\/uploads\/2021\/03\/Bild1-480x125.png 480w, https:\/\/zentrum-garage.ch\/wp-content\/uploads\/2021\/03\/Bild1.png 1558w\" sizes=\"(max-width: 1024px) 100vw, 1024px\" \/>\t\t\t\t\t\t\t\t\t\t\t\t\t\t\t<\/div>\n\t\t\t\t<\/div>\n\t\t\t\t<div class=\"elementor-element elementor-element-974443f elementor-widget elementor-widget-spacer\" data-id=\"974443f\" data-element_type=\"widget\" data-widget_type=\"spacer.default\">\n\t\t\t\t<div class=\"elementor-widget-container\">\n\t\t\t\t\t<div class=\"elementor-spacer\">\n\t\t\t<div class=\"elementor-spacer-inner\"><\/div>\n\t\t<\/div>\n\t\t\t\t<\/div>\n\t\t\t\t<\/div>\n\t\t\t\t<div class=\"elementor-element elementor-element-4f5acab elementor-widget elementor-widget-heading\" data-id=\"4f5acab\" data-element_type=\"widget\" data-widget_type=\"heading.default\">\n\t\t\t\t<div class=\"elementor-widget-container\">\n\t\t\t<h5 class=\"elementor-heading-title elementor-size-default\">Demande de r\u00e9servation <\/h5>\t\t<\/div>\n\t\t\t\t<\/div>\n\t\t\t\t<div class=\"elementor-element elementor-element-ee771cd elementor-widget elementor-widget-shortcode\" data-id=\"ee771cd\" data-element_type=\"widget\" data-widget_type=\"shortcode.default\">\n\t\t\t\t<div class=\"elementor-widget-container\">\n\t\t\t\t\t<div class=\"elementor-shortcode\">\n<div class=\"wpcf7 no-js\" id=\"wpcf7-f33402-o1\" lang=\"fr-FR\" dir=\"ltr\">\n<div class=\"screen-reader-response\"><p role=\"status\" aria-live=\"polite\" aria-atomic=\"true\"><\/p> <ul><\/ul><\/div>\n<form action=\"\/fr\/wp-json\/wp\/v2\/pages\/1446#wpcf7-f33402-o1\" method=\"post\" class=\"wpcf7-form init\" aria-label=\"Formulaire de contact\" novalidate=\"novalidate\" data-status=\"init\">\n<div style=\"display: none;\">\n<input type=\"hidden\" name=\"_wpcf7\" value=\"33402\" \/>\n<input type=\"hidden\" name=\"_wpcf7_version\" value=\"5.9\" \/>\n<input type=\"hidden\" name=\"_wpcf7_locale\" value=\"fr_FR\" \/>\n<input type=\"hidden\" name=\"_wpcf7_unit_tag\" value=\"wpcf7-f33402-o1\" \/>\n<input type=\"hidden\" name=\"_wpcf7_container_post\" value=\"0\" \/>\n<input type=\"hidden\" name=\"_wpcf7_posted_data_hash\" value=\"\" \/>\n<input type=\"hidden\" name=\"_wpcf7_recaptcha_response\" value=\"\" \/>\n<\/div>\n<p><label> Votre nom (champ obligatoire)<br \/>\n<span class=\"wpcf7-form-control-wrap\" data-name=\"your-name\"><input size=\"40\" class=\"wpcf7-form-control wpcf7-text wpcf7-validates-as-required\" aria-required=\"true\" aria-invalid=\"false\" value=\"\" type=\"text\" name=\"your-name\" \/><\/span> <\/label>\n<\/p>\n<p><label> Votre adresse e-mail (champ obligatoire)<br \/>\n<span class=\"wpcf7-form-control-wrap\" data-name=\"your-email\"><input size=\"40\" class=\"wpcf7-form-control wpcf7-email wpcf7-validates-as-required wpcf7-text wpcf7-validates-as-email\" aria-required=\"true\" aria-invalid=\"false\" value=\"\" type=\"email\" name=\"your-email\" \/><\/span> <\/label>\n<\/p>\n<p>V\u00e9hicule souhait\u00e9 (champe obligatoire)\n<\/p>\n<p>[checkbox* GewnschtesFahrzeug \"9 place\" \"camionette (d\u00e9m\u00e9nagement)\" \"camionette grand volume avec plateau \u00e9l\u00e9vateur]\n<\/p>\n<p>Date souhait\u00e9e d\u00e9but de la location (champ obligatoire)<br \/>\n<span class=\"wpcf7-form-control-wrap\" data-name=\"date-1\"><input class=\"wpcf7-form-control wpcf7-date wpcf7-validates-as-required wpcf7-validates-as-date\" aria-required=\"true\" aria-invalid=\"false\" value=\"\" type=\"date\" name=\"date-1\" \/><\/span>\n<\/p>\n<p>Date souhait\u00e9e fin de la location (champ obligatoire)<br \/>\n<span class=\"wpcf7-form-control-wrap\" data-name=\"date-2\"><input class=\"wpcf7-form-control wpcf7-date wpcf7-validates-as-required wpcf7-validates-as-date\" aria-required=\"true\" aria-invalid=\"false\" value=\"\" type=\"date\" name=\"date-2\" \/><\/span>\n<\/p>\n<p><label> Votre message<br \/>\n<span class=\"wpcf7-form-control-wrap\" data-name=\"your-message\"><textarea cols=\"40\" rows=\"10\" class=\"wpcf7-form-control wpcf7-textarea\" aria-invalid=\"false\" name=\"your-message\"><\/textarea><\/span> <\/label>\n<\/p>\n<p><input class=\"wpcf7-form-control wpcf7-submit has-spinner\" type=\"submit\" value=\"Envoyer\" \/>\n<\/p><p style=\"display: none !important;\" class=\"akismet-fields-container\" data-prefix=\"_wpcf7_ak_\"><label>&#916;<textarea name=\"_wpcf7_ak_hp_textarea\" cols=\"45\" rows=\"8\" maxlength=\"100\"><\/textarea><\/label><input type=\"hidden\" id=\"ak_js_1\" name=\"_wpcf7_ak_js\" value=\"93\"\/><script>document.getElementById( \"ak_js_1\" ).setAttribute( \"value\", ( new Date() ).getTime() );<\/script><\/p><div class=\"wpcf7-response-output\" aria-hidden=\"true\"><\/div>\n<\/form>\n<\/div>\n<\/div>\n\t\t\t\t<\/div>\n\t\t\t\t<\/div>\n\t\t\t\t<div class=\"elementor-element elementor-element-a9cfd3f elementor-position-left elementor-view-default elementor-mobile-position-top elementor-vertical-align-top elementor-widget elementor-widget-icon-box\" data-id=\"a9cfd3f\" data-element_type=\"widget\" data-widget_type=\"icon-box.default\">\n\t\t\t\t<div class=\"elementor-widget-container\">\n\t\t\t\t\t<div class=\"elementor-icon-box-wrapper\">\n\t\t\t\t\t\t<div class=\"elementor-icon-box-icon\">\n\t\t\t\t<a href=\"http:\/\/zentrum-garage.ch\/wp-content\/uploads\/2019\/07\/AGB_Mietwagen_F.pdf\" target=\"_blank\" class=\"elementor-icon elementor-animation-grow\" tabindex=\"-1\">\n\t\t\t\t<i class=\"fa fa-arrow-right\" aria-hidden=\"true\"><\/i>\t\t\t\t<\/a>\n\t\t\t<\/div>\n\t\t\t\t\t\t<div class=\"elementor-icon-box-content\">\n\t\t\t\t<div class=\"elementor-icon-box-title\">\n\t\t\t\t\t<a href=\"http:\/\/zentrum-garage.ch\/wp-content\/uploads\/2019\/07\/AGB_Mietwagen_F.pdf\" target=\"_blank\" >\n\t\t\t\t\t\tRubrique conditions de location\t\t\t\t\t<\/a>\n\t\t\t\t<\/div>\n\t\t\t\t\t\t\t\t\t<p class=\"elementor-icon-box-description\">\n\t\t\t\t\t\tPour conna\u00eetre les conditions de location en d\u00e9tail, veuillez consulter la rubrique conditions de location. \t\t\t\t\t<\/p>\n\t\t\t\t\t\t\t<\/div>\n\t\t<\/div>\n\t\t\t\t<\/div>\n\t\t\t\t<\/div>\n\t\t\t\t\t<\/div>\n\t\t<\/div>\n\t\t\t\t\t\t\t<\/div>\n\t\t<\/section>\n\t\t\t\t\t\t\t<\/div>\n\t\t","protected":false},"excerpt":{"rendered":"<p>Vous cherchez un v\u00e9hicule pour un d\u00e9m\u00e9nagement ou le transport de personnes&nbsp;? Chez nous, vous \u00eates s\u00fbrs de trouver le v\u00e9hicule de location id\u00e9al selon vos besoins&nbsp;! Nos v\u00e9hicules de location en vue d\u2019ensemble (PDF) Un aper\u00e7u g\u00e9n\u00e9ral des v\u00e9hicules de location avec informations d\u00e9taill\u00e9es concernant la surface de chargement, le permis de conduire n\u00e9cessaire, [&hellip;]<\/p>\n","protected":false},"author":1,"featured_media":0,"parent":0,"menu_order":0,"comment_status":"closed","ping_status":"closed","template":"","meta":{"inline_featured_image":false,"footnotes":""},"aioseo_notices":[],"_links":{"self":[{"href":"https:\/\/zentrum-garage.ch\/fr\/wp-json\/wp\/v2\/pages\/1446"}],"collection":[{"href":"https:\/\/zentrum-garage.ch\/fr\/wp-json\/wp\/v2\/pages"}],"about":[{"href":"https:\/\/zentrum-garage.ch\/fr\/wp-json\/wp\/v2\/types\/page"}],"author":[{"embeddable":true,"href":"https:\/\/zentrum-garage.ch\/fr\/wp-json\/wp\/v2\/users\/1"}],"replies":[{"embeddable":true,"href":"https:\/\/zentrum-garage.ch\/fr\/wp-json\/wp\/v2\/comments?post=1446"}],"version-history":[{"count":33,"href":"https:\/\/zentrum-garage.ch\/fr\/wp-json\/wp\/v2\/pages\/1446\/revisions"}],"predecessor-version":[{"id":33650,"href":"https:\/\/zentrum-garage.ch\/fr\/wp-json\/wp\/v2\/pages\/1446\/revisions\/33650"}],"wp:attachment":[{"href":"https:\/\/zentrum-garage.ch\/fr\/wp-json\/wp\/v2\/media?parent=1446"}],"curies":[{"name":"wp","href":"https:\/\/api.w.org\/{rel}","templated":true}]}}

Location de véhicules

<div data-elementor-type="wp-post" data-elementor-id="1446" class="elementor elementor-1446">
									<section class="elementor-section elementor-top-section elementor-element elementor-element-7220f53 elementor-section-boxed elementor-section-height-default elementor-section-height-default" data-id="7220f53" data-element_type="section">
						<div class="elementor-container elementor-column-gap-default">
					<div class="elementor-column elementor-col-100 elementor-top-column elementor-element elementor-element-3a82c24" data-id="3a82c24" data-element_type="column">
			<div class="elementor-widget-wrap elementor-element-populated">
								<div class="elementor-element elementor-element-8837f38 elementor-widget elementor-widget-text-editor" data-id="8837f38" data-element_type="widget" data-widget_type="text-editor.default">
				<div class="elementor-widget-container">
							<p>Vous cherchez un véhicule pour un déménagement ou le transport de personnes ? Chez nous, vous êtes sûrs de trouver le véhicule de location idéal selon vos besoins !</p>
						</div>
				</div>
				<div class="elementor-element elementor-element-6c649ec elementor-position-left elementor-view-default elementor-mobile-position-top elementor-vertical-align-top elementor-widget elementor-widget-icon-box" data-id="6c649ec" data-element_type="widget" data-widget_type="icon-box.default">
				<div class="elementor-widget-container">
					<div class="elementor-icon-box-wrapper">
						<div class="elementor-icon-box-icon">
				<a href="https://zentrum-garage.ch/wp-content/uploads/2021/06/Uebersicht-Mietwagen-2021_FR.pdf" target="_blank" class="elementor-icon elementor-animation-grow" tabindex="-1">
				<i class="fa fa-download" aria-hidden="true"></i>				</a>
			</div>
						<div class="elementor-icon-box-content">
				<div class="elementor-icon-box-title">
					<a href="https://zentrum-garage.ch/wp-content/uploads/2021/06/Uebersicht-Mietwagen-2021_FR.pdf" target="_blank" >
						Nos véhicules de location en vue d’ensemble (PDF)					</a>
				</div>
									<p class="elementor-icon-box-description">
						Un aperçu général des véhicules de location avec informations détaillées concernant la surface de chargement, le permis de conduire nécessaire, etc., à télécharger.  					</p>
							</div>
		</div>
				</div>
				</div>
				<div class="elementor-element elementor-element-19bc20b elementor-widget elementor-widget-image" data-id="19bc20b" data-element_type="widget" data-widget_type="image.default">
				<div class="elementor-widget-container">
															<img loading="lazy" decoding="async" width="1024" height="267" src="https://zentrum-garage.ch/wp-content/uploads/2021/03/Bild1-1024x267.png" class="attachment-large size-large wp-image-33387" alt="MIetwagen in der Übersicht" srcset="https://zentrum-garage.ch/wp-content/uploads/2021/03/Bild1-1024x267.png 1024w, https://zentrum-garage.ch/wp-content/uploads/2021/03/Bild1-300x78.png 300w, https://zentrum-garage.ch/wp-content/uploads/2021/03/Bild1-768x200.png 768w, https://zentrum-garage.ch/wp-content/uploads/2021/03/Bild1-1536x400.png 1536w, https://zentrum-garage.ch/wp-content/uploads/2021/03/Bild1-830x216.png 830w, https://zentrum-garage.ch/wp-content/uploads/2021/03/Bild1-230x60.png 230w, https://zentrum-garage.ch/wp-content/uploads/2021/03/Bild1-350x91.png 350w, https://zentrum-garage.ch/wp-content/uploads/2021/03/Bild1-480x125.png 480w, https://zentrum-garage.ch/wp-content/uploads/2021/03/Bild1.png 1558w" sizes="(max-width: 1024px) 100vw, 1024px" />															</div>
				</div>
				<div class="elementor-element elementor-element-974443f elementor-widget elementor-widget-spacer" data-id="974443f" data-element_type="widget" data-widget_type="spacer.default">
				<div class="elementor-widget-container">
					<div class="elementor-spacer">
			<div class="elementor-spacer-inner"></div>
		</div>
				</div>
				</div>
				<div class="elementor-element elementor-element-4f5acab elementor-widget elementor-widget-heading" data-id="4f5acab" data-element_type="widget" data-widget_type="heading.default">
				<div class="elementor-widget-container">
			<h5 class="elementor-heading-title elementor-size-default">Demande de réservation </h5>		</div>
				</div>
				<div class="elementor-element elementor-element-ee771cd elementor-widget elementor-widget-shortcode" data-id="ee771cd" data-element_type="widget" data-widget_type="shortcode.default">
				<div class="elementor-widget-container">
					<div class="elementor-shortcode">
<div class="wpcf7 no-js" id="wpcf7-f33402-o1" lang="fr-FR" dir="ltr">
<div class="screen-reader-response"><p role="status" aria-live="polite" aria-atomic="true"></p> <ul></ul></div>
<form action="/fr/wp-json/wp/v2/pages/1446#wpcf7-f33402-o1" method="post" class="wpcf7-form init" aria-label="Formulaire de contact" novalidate="novalidate" data-status="init">
<div style="display: none;">
<input type="hidden" name="_wpcf7" value="33402" />
<input type="hidden" name="_wpcf7_version" value="5.9" />
<input type="hidden" name="_wpcf7_locale" value="fr_FR" />
<input type="hidden" name="_wpcf7_unit_tag" value="wpcf7-f33402-o1" />
<input type="hidden" name="_wpcf7_container_post" value="0" />
<input type="hidden" name="_wpcf7_posted_data_hash" value="" />
<input type="hidden" name="_wpcf7_recaptcha_response" value="" />
</div>
<p><label> Votre nom (champ obligatoire)<br />
<span class="wpcf7-form-control-wrap" data-name="your-name"><input size="40" class="wpcf7-form-control wpcf7-text wpcf7-validates-as-required" aria-required="true" aria-invalid="false" value="" type="text" name="your-name" /></span> </label>
</p>
<p><label> Votre adresse e-mail (champ obligatoire)<br />
<span class="wpcf7-form-control-wrap" data-name="your-email"><input size="40" class="wpcf7-form-control wpcf7-email wpcf7-validates-as-required wpcf7-text wpcf7-validates-as-email" aria-required="true" aria-invalid="false" value="" type="email" name="your-email" /></span> </label>
</p>
<p>Véhicule souhaité (champe obligatoire)
</p>
<p>[checkbox* GewnschtesFahrzeug "9 place" "camionette (déménagement)" "camionette grand volume avec plateau élévateur]
</p>
<p>Date souhaitée début de la location (champ obligatoire)<br />
<span class="wpcf7-form-control-wrap" data-name="date-1"><input class="wpcf7-form-control wpcf7-date wpcf7-validates-as-required wpcf7-validates-as-date" aria-required="true" aria-invalid="false" value="" type="date" name="date-1" /></span>
</p>
<p>Date souhaitée fin de la location (champ obligatoire)<br />
<span class="wpcf7-form-control-wrap" data-name="date-2"><input class="wpcf7-form-control wpcf7-date wpcf7-validates-as-required wpcf7-validates-as-date" aria-required="true" aria-invalid="false" value="" type="date" name="date-2" /></span>
</p>
<p><label> Votre message<br />
<span class="wpcf7-form-control-wrap" data-name="your-message"><textarea cols="40" rows="10" class="wpcf7-form-control wpcf7-textarea" aria-invalid="false" name="your-message"></textarea></span> </label>
</p>
<p><input class="wpcf7-form-control wpcf7-submit has-spinner" type="submit" value="Envoyer" />
</p><p style="display: none !important;" class="akismet-fields-container" data-prefix="_wpcf7_ak_"><label>&#916;<textarea name="_wpcf7_ak_hp_textarea" cols="45" rows="8" maxlength="100"></textarea></label><input type="hidden" id="ak_js_1" name="_wpcf7_ak_js" value="93"/><script>document.getElementById( "ak_js_1" ).setAttribute( "value", ( new Date() ).getTime() );</script></p><div class="wpcf7-response-output" aria-hidden="true"></div>
</form>
</div>
</div>
				</div>
				</div>
				<div class="elementor-element elementor-element-a9cfd3f elementor-position-left elementor-view-default elementor-mobile-position-top elementor-vertical-align-top elementor-widget elementor-widget-icon-box" data-id="a9cfd3f" data-element_type="widget" data-widget_type="icon-box.default">
				<div class="elementor-widget-container">
					<div class="elementor-icon-box-wrapper">
						<div class="elementor-icon-box-icon">
				<a href="http://zentrum-garage.ch/wp-content/uploads/2019/07/AGB_Mietwagen_F.pdf" target="_blank" class="elementor-icon elementor-animation-grow" tabindex="-1">
				<i class="fa fa-arrow-right" aria-hidden="true"></i>				</a>
			</div>
						<div class="elementor-icon-box-content">
				<div class="elementor-icon-box-title">
					<a href="http://zentrum-garage.ch/wp-content/uploads/2019/07/AGB_Mietwagen_F.pdf" target="_blank" >
						Rubrique conditions de location					</a>
				</div>
									<p class="elementor-icon-box-description">
						Pour connaître les conditions de location en détail, veuillez consulter la rubrique conditions de location. 					</p>
							</div>
		</div>
				</div>
				</div>
					</div>
		</div>
							</div>
		</section>
							</div>

<p>Vous cherchez un véhicule pour un déménagement ou le transport de personnes&nbsp;? Chez nous, vous êtes sûrs de trouver le véhicule de location idéal selon vos besoins&nbsp;! Nos véhicules de location en vue d’ensemble (PDF) Un aperçu général des véhicules de location avec informations détaillées concernant la surface de chargement, le permis de conduire nécessaire, [&hellip;]</p>
