{"id":1737,"date":"2019-06-13T13:53:48","date_gmt":"2019-06-13T13:53:48","guid":{"rendered":"http:\/\/zentrum-garage.ch\/conditions-de-location\/"},"modified":"2019-06-13T13:59:24","modified_gmt":"2019-06-13T13:59:24","slug":"conditions-de-location","status":"publish","type":"page","link":"https:\/\/zentrum-garage.ch\/fr\/cg\/conditions-de-location\/","title":{"rendered":"Conditions de location"},"content":{"rendered":"\t\t<div data-elementor-type=\"wp-post\" data-elementor-id=\"1737\" class=\"elementor elementor-1737 elementor-bc-flex-widget\">\n\t\t\t\t\t\t\t\t\t<section class=\"elementor-section elementor-top-section elementor-element elementor-element-8d44210 elementor-section-boxed elementor-section-height-default elementor-section-height-default\" data-id=\"8d44210\" data-element_type=\"section\">\n\t\t\t\t\t\t<div class=\"elementor-container elementor-column-gap-default\">\n\t\t\t\t\t<div class=\"elementor-column elementor-col-100 elementor-top-column elementor-element elementor-element-e15af96\" data-id=\"e15af96\" data-element_type=\"column\">\n\t\t\t<div class=\"elementor-widget-wrap elementor-element-populated\">\n\t\t\t\t\t\t\t\t<div class=\"elementor-element elementor-element-0693693 elementor-widget elementor-widget-heading\" data-id=\"0693693\" data-element_type=\"widget\" data-widget_type=\"heading.default\">\n\t\t\t\t<div class=\"elementor-widget-container\">\n\t\t\t<h2 class=\"elementor-heading-title elementor-size-medium\">Assurance<\/h2>\t\t<\/div>\n\t\t\t\t<\/div>\n\t\t\t\t<div class=\"elementor-element elementor-element-3eb1bed elementor-widget elementor-widget-text-editor\" data-id=\"3eb1bed\" data-element_type=\"widget\" data-widget_type=\"text-editor.default\">\n\t\t\t\t<div class=\"elementor-widget-container\">\n\t\t\t\t\t\t\t<ul>\n<li>Casco compl\u00e8te et responsabilit\u00e9 civile avec une franchise de CHF 1500.- chacune (plus perte de bonus)<\/li>\n<li>Assurance occupants<\/li>\n<\/ul>\n\t\t\t\t\t\t<\/div>\n\t\t\t\t<\/div>\n\t\t\t\t<div class=\"elementor-element elementor-element-f61c9f3 elementor-widget elementor-widget-heading\" data-id=\"f61c9f3\" data-element_type=\"widget\" data-widget_type=\"heading.default\">\n\t\t\t\t<div class=\"elementor-widget-container\">\n\t\t\t<h2 class=\"elementor-heading-title elementor-size-medium\">D\u00e9p\u00f4t<\/h2>\t\t<\/div>\n\t\t\t\t<\/div>\n\t\t\t\t<div class=\"elementor-element elementor-element-8ec8e4d elementor-widget elementor-widget-text-editor\" data-id=\"8ec8e4d\" data-element_type=\"widget\" data-widget_type=\"text-editor.default\">\n\t\t\t\t<div class=\"elementor-widget-container\">\n\t\t\t\t\t\t\t<ul>\n<li>En fonction de la location :\u00a0 au minimum CHF 500.&#8211;<\/li>\n<li>Paiement au comptant ou par carte de cr\u00e9dit (de pr\u00e9f\u00e9rence)<\/li>\n<\/ul>\n\t\t\t\t\t\t<\/div>\n\t\t\t\t<\/div>\n\t\t\t\t<div class=\"elementor-element elementor-element-ef55ae3 elementor-widget elementor-widget-heading\" data-id=\"ef55ae3\" data-element_type=\"widget\" data-widget_type=\"heading.default\">\n\t\t\t\t<div class=\"elementor-widget-container\">\n\t\t\t<h2 class=\"elementor-heading-title elementor-size-medium\">Paiement<\/h2>\t\t<\/div>\n\t\t\t\t<\/div>\n\t\t\t\t<div class=\"elementor-element elementor-element-073a3e6 elementor-widget elementor-widget-text-editor\" data-id=\"073a3e6\" data-element_type=\"widget\" data-widget_type=\"text-editor.default\">\n\t\t\t\t<div class=\"elementor-widget-container\">\n\t\t\t\t\t\t\t<ul>\n<li>Au comptant<\/li>\n<li>Carte de cr\u00e9dit<\/li>\n<li>EC, Maestro, Postcard<\/li>\n<\/ul>\n\t\t\t\t\t\t<\/div>\n\t\t\t\t<\/div>\n\t\t\t\t<div class=\"elementor-element elementor-element-0992553 elementor-widget elementor-widget-heading\" data-id=\"0992553\" data-element_type=\"widget\" data-widget_type=\"heading.default\">\n\t\t\t\t<div class=\"elementor-widget-container\">\n\t\t\t<h2 class=\"elementor-heading-title elementor-size-medium\">Nos prix s\u2019entendent hors :<\/h2>\t\t<\/div>\n\t\t\t\t<\/div>\n\t\t\t\t<div class=\"elementor-element elementor-element-49c1920 elementor-widget elementor-widget-text-editor\" data-id=\"49c1920\" data-element_type=\"widget\" data-widget_type=\"text-editor.default\">\n\t\t\t\t<div class=\"elementor-widget-container\">\n\t\t\t\t\t\t\t<ul>\n<li>Kilom\u00e8tres suppl\u00e9mentaires<\/li>\n<li>Carburant<\/li>\n<li>Assurance accident de personnes et dommages mat\u00e9riels<\/li>\n<li>Nettoyage en cas de salissures particuli\u00e8res telles que par exemple boue, d\u00e9chets, vomissure\u2026<\/li>\n<\/ul>\n\t\t\t\t\t\t<\/div>\n\t\t\t\t<\/div>\n\t\t\t\t<div class=\"elementor-element elementor-element-28f42ff elementor-widget elementor-widget-heading\" data-id=\"28f42ff\" data-element_type=\"widget\" data-widget_type=\"heading.default\">\n\t\t\t\t<div class=\"elementor-widget-container\">\n\t\t\t<h2 class=\"elementor-heading-title elementor-size-medium\">Conditions contractuelles g\u00e9n\u00e9rales <\/h2>\t\t<\/div>\n\t\t\t\t<\/div>\n\t\t\t\t<div class=\"elementor-element elementor-element-6ee4699 elementor-widget elementor-widget-text-editor\" data-id=\"6ee4699\" data-element_type=\"widget\" data-widget_type=\"text-editor.default\">\n\t\t\t\t<div class=\"elementor-widget-container\">\n\t\t\t\t\t\t\t<p><span lang=\"FR\">Les autres dispositions de location peuvent \u00eatre consult\u00e9es dans notre PDF.<\/span><\/p>\n\t\t\t\t\t\t<\/div>\n\t\t\t\t<\/div>\n\t\t\t\t<div class=\"elementor-element elementor-element-645ed0f elementor-position-left elementor-view-default elementor-mobile-position-top elementor-vertical-align-top elementor-widget elementor-widget-icon-box\" data-id=\"645ed0f\" data-element_type=\"widget\" data-widget_type=\"icon-box.default\">\n\t\t\t\t<div class=\"elementor-widget-container\">\n\t\t\t\t\t<div class=\"elementor-icon-box-wrapper\">\n\t\t\t\t\t\t<div class=\"elementor-icon-box-icon\">\n\t\t\t\t<a href=\"http:\/\/zentrum-garage.ch\/wp-content\/uploads\/2019\/06\/AGB_Mietwagen_F.pdf\" target=\"_blank\" class=\"elementor-icon elementor-animation-grow\" tabindex=\"-1\">\n\t\t\t\t<i class=\"fa fa-download\" aria-hidden=\"true\"><\/i>\t\t\t\t<\/a>\n\t\t\t<\/div>\n\t\t\t\t\t\t<div class=\"elementor-icon-box-content\">\n\t\t\t\t<h5 class=\"elementor-icon-box-title\">\n\t\t\t\t\t<a href=\"http:\/\/zentrum-garage.ch\/wp-content\/uploads\/2019\/06\/AGB_Mietwagen_F.pdf\" target=\"_blank\" >\n\t\t\t\t\t\tConditions g\u00e9n\u00e9rales (PDF)\t\t\t\t\t<\/a>\n\t\t\t\t<\/h5>\n\t\t\t\t\t\t\t\t\t<p class=\"elementor-icon-box-description\">\n\t\t\t\t\t\tNos conditions g\u00e9n\u00e9rales \u00e0 t\u00e9l\u00e9charger. \t\t\t\t\t<\/p>\n\t\t\t\t\t\t\t<\/div>\n\t\t<\/div>\n\t\t\t\t<\/div>\n\t\t\t\t<\/div>\n\t\t\t\t\t<\/div>\n\t\t<\/div>\n\t\t\t\t\t\t\t<\/div>\n\t\t<\/section>\n\t\t\t\t\t\t\t<\/div>\n\t\t","protected":false},"excerpt":{"rendered":"<p>Assurance Casco compl\u00e8te et responsabilit\u00e9 civile avec une franchise de CHF 1500.- chacune (plus perte de bonus) Assurance occupants D\u00e9p\u00f4t En fonction de la location :&nbsp; au minimum CHF 500.&#8211; Paiement au comptant ou par carte de cr\u00e9dit (de pr\u00e9f\u00e9rence) Paiement Au comptant Carte de cr\u00e9dit EC, Maestro, Postcard Nos prix s\u2019entendent hors : Kilom\u00e8tres [&hellip;]<\/p>\n","protected":false},"author":1,"featured_media":0,"parent":1843,"menu_order":0,"comment_status":"closed","ping_status":"closed","template":"","meta":{"inline_featured_image":false,"footnotes":""},"aioseo_notices":[],"_links":{"self":[{"href":"https:\/\/zentrum-garage.ch\/fr\/wp-json\/wp\/v2\/pages\/1737"}],"collection":[{"href":"https:\/\/zentrum-garage.ch\/fr\/wp-json\/wp\/v2\/pages"}],"about":[{"href":"https:\/\/zentrum-garage.ch\/fr\/wp-json\/wp\/v2\/types\/page"}],"author":[{"embeddable":true,"href":"https:\/\/zentrum-garage.ch\/fr\/wp-json\/wp\/v2\/users\/1"}],"replies":[{"embeddable":true,"href":"https:\/\/zentrum-garage.ch\/fr\/wp-json\/wp\/v2\/comments?post=1737"}],"version-history":[{"count":4,"href":"https:\/\/zentrum-garage.ch\/fr\/wp-json\/wp\/v2\/pages\/1737\/revisions"}],"predecessor-version":[{"id":1744,"href":"https:\/\/zentrum-garage.ch\/fr\/wp-json\/wp\/v2\/pages\/1737\/revisions\/1744"}],"up":[{"embeddable":true,"href":"https:\/\/zentrum-garage.ch\/fr\/wp-json\/wp\/v2\/pages\/1843"}],"wp:attachment":[{"href":"https:\/\/zentrum-garage.ch\/fr\/wp-json\/wp\/v2\/media?parent=1737"}],"curies":[{"name":"wp","href":"https:\/\/api.w.org\/{rel}","templated":true}]}}

<div data-elementor-type="wp-post" data-elementor-id="1737" class="elementor elementor-1737 elementor-bc-flex-widget">
									<section class="elementor-section elementor-top-section elementor-element elementor-element-8d44210 elementor-section-boxed elementor-section-height-default elementor-section-height-default" data-id="8d44210" data-element_type="section">
						<div class="elementor-container elementor-column-gap-default">
					<div class="elementor-column elementor-col-100 elementor-top-column elementor-element elementor-element-e15af96" data-id="e15af96" data-element_type="column">
			<div class="elementor-widget-wrap elementor-element-populated">
								<div class="elementor-element elementor-element-0693693 elementor-widget elementor-widget-heading" data-id="0693693" data-element_type="widget" data-widget_type="heading.default">
				<div class="elementor-widget-container">
			<h2 class="elementor-heading-title elementor-size-medium">Assurance</h2>		</div>
				</div>
				<div class="elementor-element elementor-element-3eb1bed elementor-widget elementor-widget-text-editor" data-id="3eb1bed" data-element_type="widget" data-widget_type="text-editor.default">
				<div class="elementor-widget-container">
							<ul>
<li>Casco complète et responsabilité civile avec une franchise de CHF 1500.- chacune (plus perte de bonus)</li>
<li>Assurance occupants</li>
</ul>
						</div>
				</div>
				<div class="elementor-element elementor-element-f61c9f3 elementor-widget elementor-widget-heading" data-id="f61c9f3" data-element_type="widget" data-widget_type="heading.default">
				<div class="elementor-widget-container">
			<h2 class="elementor-heading-title elementor-size-medium">Dépôt</h2>		</div>
				</div>
				<div class="elementor-element elementor-element-8ec8e4d elementor-widget elementor-widget-text-editor" data-id="8ec8e4d" data-element_type="widget" data-widget_type="text-editor.default">
				<div class="elementor-widget-container">
							<ul>
<li>En fonction de la location :  au minimum CHF 500.&#8211;</li>
<li>Paiement au comptant ou par carte de crédit (de préférence)</li>
</ul>
						</div>
				</div>
				<div class="elementor-element elementor-element-ef55ae3 elementor-widget elementor-widget-heading" data-id="ef55ae3" data-element_type="widget" data-widget_type="heading.default">
				<div class="elementor-widget-container">
			<h2 class="elementor-heading-title elementor-size-medium">Paiement</h2>		</div>
				</div>
				<div class="elementor-element elementor-element-073a3e6 elementor-widget elementor-widget-text-editor" data-id="073a3e6" data-element_type="widget" data-widget_type="text-editor.default">
				<div class="elementor-widget-container">
							<ul>
<li>Au comptant</li>
<li>Carte de crédit</li>
<li>EC, Maestro, Postcard</li>
</ul>
						</div>
				</div>
				<div class="elementor-element elementor-element-0992553 elementor-widget elementor-widget-heading" data-id="0992553" data-element_type="widget" data-widget_type="heading.default">
				<div class="elementor-widget-container">
			<h2 class="elementor-heading-title elementor-size-medium">Nos prix s’entendent hors :</h2>		</div>
				</div>
				<div class="elementor-element elementor-element-49c1920 elementor-widget elementor-widget-text-editor" data-id="49c1920" data-element_type="widget" data-widget_type="text-editor.default">
				<div class="elementor-widget-container">
							<ul>
<li>Kilomètres supplémentaires</li>
<li>Carburant</li>
<li>Assurance accident de personnes et dommages matériels</li>
<li>Nettoyage en cas de salissures particulières telles que par exemple boue, déchets, vomissure…</li>
</ul>
						</div>
				</div>
				<div class="elementor-element elementor-element-28f42ff elementor-widget elementor-widget-heading" data-id="28f42ff" data-element_type="widget" data-widget_type="heading.default">
				<div class="elementor-widget-container">
			<h2 class="elementor-heading-title elementor-size-medium">Conditions contractuelles générales </h2>		</div>
				</div>
				<div class="elementor-element elementor-element-6ee4699 elementor-widget elementor-widget-text-editor" data-id="6ee4699" data-element_type="widget" data-widget_type="text-editor.default">
				<div class="elementor-widget-container">
							<p><span lang="FR">Les autres dispositions de location peuvent être consultées dans notre PDF.</span></p>
						</div>
				</div>
				<div class="elementor-element elementor-element-645ed0f elementor-position-left elementor-view-default elementor-mobile-position-top elementor-vertical-align-top elementor-widget elementor-widget-icon-box" data-id="645ed0f" data-element_type="widget" data-widget_type="icon-box.default">
				<div class="elementor-widget-container">
					<div class="elementor-icon-box-wrapper">
						<div class="elementor-icon-box-icon">
				<a href="http://zentrum-garage.ch/wp-content/uploads/2019/06/AGB_Mietwagen_F.pdf" target="_blank" class="elementor-icon elementor-animation-grow" tabindex="-1">
				<i class="fa fa-download" aria-hidden="true"></i>				</a>
			</div>
						<div class="elementor-icon-box-content">
				<h5 class="elementor-icon-box-title">
					<a href="http://zentrum-garage.ch/wp-content/uploads/2019/06/AGB_Mietwagen_F.pdf" target="_blank" >
						Conditions générales (PDF)					</a>
				</h5>
									<p class="elementor-icon-box-description">
						Nos conditions générales à télécharger. 					</p>
							</div>
		</div>
				</div>
				</div>
					</div>
		</div>
							</div>
		</section>
							</div>

<p>Assurance Casco complète et responsabilité civile avec une franchise de CHF 1500.- chacune (plus perte de bonus) Assurance occupants Dépôt En fonction de la location :&nbsp; au minimum CHF 500.&#8211; Paiement au comptant ou par carte de crédit (de préférence) Paiement Au comptant Carte de crédit EC, Maestro, Postcard Nos prix s’entendent hors : Kilomètres [&hellip;]</p>
